 605 is divided by (3 + -3 + (12 - 2))*608/80.
73
Let v = -34 - -34. Let y(l) = l**2 + 2*l + 11. Calculate the remainder when 14/1 - (2 - 4) is divided by y(v).
5
Let n(s) = 13*s**2 - s - 20. What is the remainder when n(4) is divided by 87?
10
Suppose -6*h + 13 = -17. Suppose -4*z + 2*m + 13 = -z, 3*m + 22 = h*z. Suppose 2*n - 6 = 4, -j + 36 = -z*n. What is the remainder when j is divided by 13?
9
Let r(z) = 4*z + 16. Let x be r(-4). Suppose -5*b = -2*o + 3, x*o + 5*o = 5*b - 30. What is the remainder when 24 is divided by 23 + o + (-1 - -2)?
11
Let s(b) = 104*b + 2. Let q(v) = -105*v - 1. Let r(n) = -3*q(n) - 2*s(n). Let y be r(-2). Calculate the remainder when 121 is divided by (-28)/(-98) - y/7.
28
Let z = 5061 - 4961. Calculate the remainder when 369 is divided by z.
69
Let l(c) = -566*c - 1857. Calculate the remainder when l(-5) is divided by 971.
2
Suppose 4*m + 4*y = 3136, 46*y = 49*y - 12. What is the remainder when m is divided by 207?
159
Let j(c) = 4*c + 287. What is the remainder when j(-18) is divided by 3/((-18)/4)*-12?
7
Suppose 27*m = -m - 1115 + 1703. Suppose 0 = 3*t - 6*t + 3. What is the remainder when m is divided by ((-33)/12)/(t/(-4))?
10
Let b = -4745 + 4758. Calculate the remainder when 43 is divided by b.
4
Suppose 93 = 52*f - 387 + 64. Let g(c) = -c**2 - 9*c. What is the remainder when g(-4) is divided by f?
4
Let l(g) = 2*g**2 - 97*g + 1066. Calculate the remainder when l(9) is divided by 91.
82
Let r be (1 - (-3)/(-2))*(1 - 263). Let y = r + -115. Calculate the remainder when 287 is divided by y.
15
Suppose -2*s + 11 = 4*i + 1, -3*i = 5*s - 39. Suppose j + 8 = s. Let b(m) = 5*m. What is the remainder when 22 is divided by b(j)?
2
Let c(t) = 2*t**2 + 8*t - 8. Let j be c(-5). Calculate the remainder when 16/(40/(-5))*(-169)/j is divided by 43.
40
Calculate the remainder when 593 is divided by (-88)/42 + (-14)/(-147) + 32.
23
Suppose y = 5*z - 7*z + 21, -z = -5*y + 17. Suppose -2*s - 14 = 4*j, 0 = j - 3*j + 4*s + z. What is the remainder when 132 is divided by (3/(-2) - j/1)*30?
12
Let v(y) = 10*y - 24. Let z be 2*((-14)/(-12) + 8/24). Suppose 3*p = -0*p + 9, -5*h + 4*p + 43 = 0. Calculate the remainder when h is divided by v(z).
5
Let s = -103 - -133. Suppose -5*i = -2*q - 41, -4*q + i = -q + 94. Let t = q + 44. What is the remainder when s is divided by t?
8
What is the remainder when (3106/(-30) + -11 + 867/85)*-3 is divided by 46?
37
Suppose -2*x = 3*w - 1563, -5*w - 5*x + 858 + 1752 = 0. What is the remainder when 1569 is divided by w?
12
Suppose 5 - 23 = -2*a. Let m(p) = 31*p**2 - p + 3. Suppose 0 = 2*y + 18*y - 20. Calculate the remainder when m(y) is divided by a.
6
Let x = -4304 + 4336. Calculate the remainder when 136 is divided by x.
8
Let p be (102*1)/(13/(-182)*7). Calculate the remainder when (p/9)/((-8)/36) is divided by 32.
6
Suppose -63 = -6*q + 3*q. Let z(v) = -1522*v + 70095. What is the remainder when z(46) is divided by q?
20
Let v(l) = -l**2 + 29*l + 2. Let a be v(29). Suppose 10*k + 8 = 12*k - a*t, 4*k - t = 19. Calculate the remainder when 24 is divided by k.
4
Suppose 4*k + 12 = 6*k. Let f(c) = c**3 - 5*c**2 - 3*c - 5. Suppose -11*x + 161 = -147. What is the remainder when x is divided by f(k)?
2
Suppose -4*s + 3*b - 38 = 28, 3*b = 5*s + 84. Let h be 44/(-198) - 4/s. Suppose h = -m + 2*m - 10. What is the remainder when m is divided by 8?
2
Let g(u) = u**2 + 7*u + 51. Let i be g(-18). Let q = -140 + i. What is the remainder when q is divided by 11?
10
Let f(c) = 206*c - 7252. Calculate the remainder when 819 is divided by f(36).
163
Suppose 2*b = 144*o - 149*o + 50, -b + 2*o = 2. Let x = 13 + -12. Suppose 5 + x = q. What is the remainder when b is divided by q?
4
Let i = 14 - 32. Let r = i + 31. Suppose 5*d - r = 12. What is the remainder when 14 is divided by d?
4
Let z(k) = -2*k - 17. Let o be z(-6). Let c be 1/(-3)*(o + -532). Let n = c - 107. What is the remainder when n is divided by 15?
12
Suppose -3*i = j - 9, 6*i = 10*i + 3*j - 7. Let q(d) = 3*d**3 + d - 36. Calculate the remainder when q(i) is divided by 51.
7
Let r(t) = 7*t**2 + 105*t - 279. What is the remainder when r(-20) is divided by 45?
16
What is the remainder when 204 is divided by -4 + (600/12 - -9)?
39
Suppose 3*m = -2*n + 443, -4*m + 208 = 5*n - 896. Suppose -5*g + n = 75. Calculate the remainder when (2 + -1)/(3/249) is divided by g.
25
Let k = 29 + 207. What is the remainder when k is divided by (12/(-8))/((-2)/(-64)*-1)?
44
Let j(g) = -4*g - 16. Let d be j(-8). Suppose 2*q + 16 - d = 0. What is the remainder when -4 + (q - -2) + (-5 - -109) is divided by 26?
24
What is the remainder when ((-663888)/63 - (-76)/(-798))*(-9)/3 is divided by 208?
206
Suppose 0 = 528*i - 5948 - 41572. What is the remainder when ((-9)/2 - -4)*-358 is divided by i?
89
Suppose -2*v - 14 = 4*y, 5*v - 6*v = -3*y - 8. Calculate the remainder when -4 - 981/27*(v - 2) is divided by 34.
3
Suppose 0*k = 3*k - 15. Suppose 335 + 505 = 8*x. Suppose -7*g + x + 168 = 0. Calculate the remainder when g is divided by k.
4
Calculate the remainder when (-314)/(-18)*(-2646)/(-196)*32/6 is divided by 180.
176
Suppose 4*l = 8, 0*r - 5*l = -r + 3. Suppose -403 = -5*d - 5*z - 103, 0 = -d - 2*z + 61. Let t = d + -34. Calculate the remainder when t is divided by r.
12
Let v be (-1123)/3 - (-35)/(-21). Let w = v - -389. Calculate the remainder when w is divided by 7.
6
Suppose 15*o - x = 536, -3*o + 2*o - 5*x = -56. What is the remainder when 576 is divided by o?
0
Let s(c) = 44*c**2 - c. Suppose -m + 2712*x - 2710*x = -148, 0 = -3*m - 5*x + 554. What is the remainder when m is divided by s(1)?
39
Let x(a) = 23 + 5*a + 10 + 17*a - 8. Calculate the remainder when x(2) is divided by 25.
19
Calculate the remainder when 2 + (0 - 8) + 101 is divided by 12/(15/(-5))*(1 - 5).
15
Let o = 138 - 94. Let k(r) = -7*r + 34. Let b = 572 + -579. Calculate the remainder when k(b) is divided by o.
39
Let r(v) = 3401*v**3 - 7*v**2 + 33*v - 28. What is the remainder when r(1) is divided by 1129?
12
Suppose -121 = -4*m + 107. Let p be (-1884)/(-14) - 69/(-161). Suppose 6*b - p - m = 0. Calculate the remainder when 222 is divided by b.
30
Let a(f) = -f**3 - 40*f**2 + 332*f - 14. Calculate the remainder when 1419 is divided by a(7).
5
Suppose 4*b - 868 = a, -2*a = 5*b - 1353 + 268. Let w = 342 - b. What is the remainder when w is divided by 21?
20
Suppose -p + 4*j + 2 = -0, -5*j - 4 = -2*p. Suppose 3*b = 2*b - p*o - 32, o - 1 = 0. Let f = b - -40. Calculate the remainder when 16 is divided by f.
4
Let d(p) = 107*p + 2370. What is the remainder when 5406 is divided by d(-22)?
14
Let c be 70 + (3 - 1) + -6. Suppose c*w - 2551 + 241 = 0. What is the remainder when 278 is divided by w?
33
Let p(v) = v**2 - 26*v + 80. Let h = 302 - 279. Calculate the remainder when 23 is divided by p(h).
1
Let i be (48/18)/((-4)/(-6)) + -1. Suppose 5*w - 237 + 38 = 3*m, -131 = -i*w - 4*m. Suppose 10*v - 18 = 42. What is the remainder when w is divided by v?
5
Let z = 454 - 150. Suppose 3*o + 3 = 3*m - 4*m, 5*o = 3*m - 33. Calculate the remainder when z is divided by m.
4
Suppose -m = 5*p - 5*m - 123, -4*m + 93 = 3*p. Suppose 0*v - 5*v = -15. What is the remainder when (68/10)/((-2)/(-40)) - v is divided by p?
25
Let x(q) = -2 + 32 + 3*q + 0 + 0. Suppose 46 = 2*r - 0. What is the remainder when r is divided by x(-8)?
5
Let r(d) = 12*d + 40. Let f be r(-3). What is the remainder when 16 is divided by (-3)/f + (-9)/(252/(-133))?
0
Let s = -650 + 677. Calculate the remainder when 315 is divided by s.
18
Let d = -797 + 855. Let r = -28 - -67. Let v = r + -24. Calculate the remainder when d is divided by v.
13
Suppose -1125*q = -1104*q - 231. Suppose 8 = 2*c + 2*c. Suppose c*k = 108 + 18. Calculate the remainder when k is divided by q.
8
Let a = 2346 - 2309. What is the remainder when 774 is divided by a?
34
Let c be 12/(-6)*(2 - (-15)/(-2)). Suppose 15*a - c*a = 68. What is the remainder when 200 is divided by a?
13
Let a = -117117 - -117133. Let r = -3 + 6. Suppose r*o = 160 + 167. What is the remainder when o is divided by a?
13
Suppose g + j - 176 = 0, 5*j + 415 + 105 = 3*g. Suppose 5*q - 200 + 25 = -5*h, 0 = -5*q + h + g. Let u = q - 12. What is the remainder when 68 is divided by u?
22
Suppose 27*u + 3780 -